{"id":39,"date":"2021-09-07T12:27:22","date_gmt":"2021-09-07T12:27:22","guid":{"rendered":"https:\/\/komornikmunje.pl\/?page_id=39"},"modified":"2021-09-14T10:11:03","modified_gmt":"2021-09-14T10:11:03","slug":"kontakt-lokalizacja","status":"publish","type":"page","link":"https:\/\/komornikmunje.pl\/index.php\/kontakt-lokalizacja\/","title":{"rendered":"Kontakt i lokalizacja"},"content":{"rendered":"\n<div class=\"wp-block-columns alignfull\">\n<div class=\"wp-block-column\">\n<div style=\"width: 100%\"><iframe src=\"https:\/\/www.google.com\/maps\/embed?pb=!1m18!1m12!1m3!1d2562.5380305578756!2d19.219421215716487!3d50.038751679420706!2m3!1f0!2f0!3f0!3m2!1i1024!2i768!4f13.1!3m3!1m2!1s0x471695714076927f%3A0x3326eebb2ce99c16!2zUnluZWsgR8WCw7N3bnkgMTIsIDMyLTYwMCBPxZt3acSZY2lt!5e0!3m2!1spl!2spl!4v1631023508390!5m2!1spl!2spl\" width=\"100%\" height=\"400\" style=\"border:0;\" allowfullscreen=\"\" loading=\"lazy\"><\/iframe><\/div>\n\n\n\n<p><\/p>\n<\/div>\n<\/div>\n\n\n\n<div class=\"wp-block-columns container\">\n<div class=\"wp-block-column is-vertically-aligned-center\">\n<h2 class=\"hestia-title\">Napisz do kancelarii<\/h2>\n\n\n\n<div style=\"height:100px\" aria-hidden=\"true\" class=\"wp-block-spacer\"><\/div>\n\n\n\n<div class=\"wp-block-contact-form-7-contact-form-selector\"><div role=\"form\" class=\"wpcf7\" id=\"wpcf7-f197-o1\" lang=\"pl-PL\" dir=\"ltr\">\n<div class=\"screen-reader-response\"><p role=\"status\" aria-live=\"polite\" aria-atomic=\"true\"><\/p> <ul><\/ul><\/div>\n<form action=\"\/index.php\/wp-json\/wp\/v2\/pages\/39#wpcf7-f197-o1\" method=\"post\" class=\"wpcf7-form init\" novalidate=\"novalidate\" data-status=\"init\">\n<div style=\"display: none;\">\n<input type=\"hidden\" name=\"_wpcf7\" value=\"197\" \/>\n<input type=\"hidden\" name=\"_wpcf7_version\" value=\"5.4.2\" \/>\n<input type=\"hidden\" name=\"_wpcf7_locale\" value=\"pl_PL\" \/>\n<input type=\"hidden\" name=\"_wpcf7_unit_tag\" value=\"wpcf7-f197-o1\" \/>\n<input type=\"hidden\" name=\"_wpcf7_container_post\" value=\"0\" \/>\n<input type=\"hidden\" name=\"_wpcf7_posted_data_hash\" value=\"\" \/>\n<\/div>\n<p><label> Twoje imi\u0119<br \/>\n    <span class=\"wpcf7-form-control-wrap your-name\"><input type=\"text\" name=\"your-name\" value=\"\" size=\"40\" class=\"wpcf7-form-control wpcf7-text wpcf7-validates-as-required\" aria-required=\"true\" aria-invalid=\"false\" \/><\/span> <\/label><\/p>\n<p><label> Tw\u00f3j adres e-mail<br \/>\n    <span class=\"wpcf7-form-control-wrap your-email\"><input type=\"email\" name=\"your-email\" value=\"\" size=\"40\" class=\"wpcf7-form-control wpcf7-text wpcf7-email wpcf7-validates-as-required wpcf7-validates-as-email\" aria-required=\"true\" aria-invalid=\"false\" \/><\/span> <\/label><\/p>\n<p><label> Temat<br \/>\n    <span class=\"wpcf7-form-control-wrap your-subject\"><input type=\"text\" name=\"your-subject\" value=\"\" size=\"40\" class=\"wpcf7-form-control wpcf7-text wpcf7-validates-as-required\" aria-required=\"true\" aria-invalid=\"false\" \/><\/span> <\/label><\/p>\n<p><label> Twoja wiadomo\u015bci (opcjonalne)<br \/>\n    <span class=\"wpcf7-form-control-wrap your-message\"><textarea name=\"your-message\" cols=\"40\" rows=\"10\" class=\"wpcf7-form-control wpcf7-textarea\" aria-invalid=\"false\"><\/textarea><\/span> <\/label><\/p>\n<p><input type=\"submit\" value=\"Wy\u015blij\" class=\"wpcf7-form-control wpcf7-submit\" \/><\/p>\n<div class=\"wpcf7-response-output\" aria-hidden=\"true\"><\/div><\/form><\/div><\/div>\n<\/div>\n\n\n\n<div class=\"wp-block-column is-vertically-aligned-top\">\n<div class=\"wp-block-columns\">\n<div class=\"wp-block-column\" style=\"flex-basis:100%\">\n<div class=\"wp-block-columns\">\n<div class=\"wp-block-column is-vertically-aligned-top\">\n<h4 class=\"has-text-align-left hestia-title has-text-color\" style=\"color:#3c4858;font-size:18px\"><strong><strong>Dane kancelarii<\/strong><\/strong><\/h4>\n\n\n\n<p class=\"has-text-align-left\">Komornik S\u0105dowy przy S\u0105dzie Rejonowym w O\u015bwi\u0119cimiu<br>Konrad Munje<\/p>\n\n\n\n<p class=\"has-text-align-left has-text-color\" style=\"color:#999999;font-size:14px\"><strong>Kancelaria Komornicza w O\u015bwi\u0119cimiu<\/strong><\/p>\n\n\n\n<p class=\"has-text-align-left has-text-color\" style=\"color:#999999;font-size:14px\">Rynek G\u0142\u00f3wny 12\/25,<br>32-600 O\u015bwi\u0119cim<br>NIP 679-221-40-55<\/p>\n<\/div>\n\n\n\n<div class=\"wp-block-column\">\n<h4 class=\"has-text-align-left hestia-title has-text-color\" style=\"color:#3c4858;font-size:18px\"><strong><strong>Kontakt<\/strong><\/strong><\/h4>\n\n\n\n<p class=\"has-text-align-left has-text-color\" style=\"color:#999999;font-size:14px\">Kancelaria:\u00a0<a href=\"tel:+48338464561\"><strong>(33) 846-45-61<\/strong><\/a><br>Komornik:\u00a0<a href=\"tel:+48609294411\"><strong>609-294-411<\/strong><\/a><br>Ksi\u0119gowo\u015b\u0107:\u00a0<a href=\"tel:+48606261634\"><strong>606-261-634<\/strong><\/a><\/p>\n\n\n\n<p class=\"has-text-align-left has-text-color\" style=\"color:#999999;font-size:14px\">e-mail: <a href=\"mailto:oswiecim.munje@komornik.pl\"><strong>oswiecim.munje@komornik.pl<\/strong><\/a><br><\/p>\n<\/div>\n<\/div>\n<\/div>\n<\/div>\n\n\n\n<div class=\"wp-block-columns\">\n<div class=\"wp-block-column\">\n<h4 class=\"has-text-align-left hestia-title has-text-color\" style=\"color:#3c4858;font-size:18px\"><strong><strong>Godziny otwarcia kancelarii<\/strong><\/strong><\/h4>\n\n\n\n<p class=\"has-text-align-left has-text-color\" style=\"color:#999999;font-size:14px\">Pon\/\u015br\/czw:<br><strong>8:00 &#8211; 16:00<\/strong><\/p>\n\n\n\n<p class=\"has-text-align-left has-text-color\" style=\"color:#999999;font-size:14px\">Wtorek:<br><strong>8:00 &#8211; 18:00<\/strong><\/p>\n\n\n\n<p class=\"has-text-align-left has-text-color\" style=\"color:#999999;font-size:14px\">Pi\u0105tek:<br><strong>8:00-14:00<br><\/strong><\/p>\n<\/div>\n\n\n\n<div class=\"wp-block-column\">\n<h4 class=\"has-text-align-left hestia-title has-text-color\" style=\"color:#3c4858;font-size:18px\"><strong><strong>Rachunek do sp\u0142at<\/strong><\/strong><\/h4>\n\n\n\n<p class=\"has-text-align-left has-text-color\" style=\"color:#999999;font-size:14px\">KOD SWIFT: <strong>POLUPLPR<\/strong><br><br>ABS Bank Sp\u00f3\u0142dzielczy:<br><strong>87 8110 1023 2003 0301 4866 0001<\/strong><br><\/p>\n<\/div>\n<\/div>\n\n\n\n<div class=\"wp-block-columns\">\n<div class=\"wp-block-column\">\n<h4 class=\"has-text-align-left hestia-title has-text-color\" style=\"color:#3c4858;font-size:18px\"><strong><strong>Przyj\u0119cia stron<\/strong><\/strong><\/h4>\n\n\n\n<p class=\"has-text-align-left has-text-color\" style=\"color:#999999;font-size:14px\">Wtorki:<strong><br>10:00 &#8211; 12:00<br>15:00 &#8211; 17:00<\/strong><br><\/p>\n<\/div>\n\n\n\n<div class=\"wp-block-column\">\n<h4 class=\"has-text-align-left hestia-title has-text-color\" style=\"color:#3c4858;font-size:18px\"><strong><strong>EPUAP<\/strong><\/strong><\/h4>\n\n\n\n<p class=\"has-text-align-left has-text-color\" style=\"color:#999999;font-size:14px\">Nazwa skrzynki:<br><strong>\/KS_Munje\/ezbiegi<\/strong><br><\/p>\n<\/div>\n<\/div>\n<\/div>\n<\/div>\n\n\n\n<p><\/p>\n","protected":false},"excerpt":{"rendered":"<p>Napisz do kancelarii Dane kancelarii Komornik S\u0105dowy przy S\u0105dzie Rejonowym w O\u015bwi\u0119cimiuKonrad Munje Kancelaria Komornicza w O\u015bwi\u0119cimiu Rynek G\u0142\u00f3wny 12\/25,32-600 O\u015bwi\u0119cimNIP 679-221-40-55 Kontakt Kancelaria:\u00a0(33) 846-45-61Komornik:\u00a0609-294-411Ksi\u0119gowo\u015b\u0107:\u00a0606-261-634 e-mail: oswiecim.munje@komornik.pl Godziny otwarcia kancelarii Pon\/\u015br\/czw:8:00 &#8211; 16:00 Wtorek:8:00 &#8211; 18:00 Pi\u0105tek:8:00-14:00 Rachunek do sp\u0142at KOD SWIFT: POLUPLPR ABS Bank Sp\u00f3\u0142dzielczy:87 8110 1023 2003 0301 [&hellip;]<\/p>\n","protected":false},"author":1,"featured_media":0,"parent":0,"menu_order":0,"comment_status":"closed","ping_status":"closed","template":"page-templates\/template-pagebuilder-full-width.php","meta":[],"_links":{"self":[{"href":"https:\/\/komornikmunje.pl\/index.php\/wp-json\/wp\/v2\/pages\/39"}],"collection":[{"href":"https:\/\/komornikmunje.pl\/index.php\/wp-json\/wp\/v2\/pages"}],"about":[{"href":"https:\/\/komornikmunje.pl\/index.php\/wp-json\/wp\/v2\/types\/page"}],"author":[{"embeddable":true,"href":"https:\/\/komornikmunje.pl\/index.php\/wp-json\/wp\/v2\/users\/1"}],"replies":[{"embeddable":true,"href":"https:\/\/komornikmunje.pl\/index.php\/wp-json\/wp\/v2\/comments?post=39"}],"version-history":[{"count":23,"href":"https:\/\/komornikmunje.pl\/index.php\/wp-json\/wp\/v2\/pages\/39\/revisions"}],"predecessor-version":[{"id":239,"href":"https:\/\/komornikmunje.pl\/index.php\/wp-json\/wp\/v2\/pages\/39\/revisions\/239"}],"wp:attachment":[{"href":"https:\/\/komornikmunje.pl\/index.php\/wp-json\/wp\/v2\/media?parent=39"}],"curies":[{"name":"wp","href":"https:\/\/api.w.org\/{rel}","templated":true}]}}